6 - 6. Suppose s*q - 24 = -4*q. List the prime factors of q.
2, 3
Let j(u) = 4*u**2 - u + 1. Suppose -10 = -5*i - 0. Suppose 6*m = 4*m + i. List the prime factors of j(m).
2
Suppose 2*s - 22 = 5*c - 0*s, -2*c - 2*s - 20 = 0. Let n(z) = z**3 + 5*z**2 - 7*z - 3. What are the prime factors of n(c)?
3
Let y = -5 - -7. Let j be (0 - -1) + (y - 1). What are the prime factors of ((-4)/6)/(j/(-45))?
3, 5
Let a(n) = -3*n + 9 + n**2 - 4 - 2*n**2. Let f be a(-5). Let y = 3 - f. List the prime factors of y.
2
Suppose -18 = -4*c - 5*k, c - 2*k = k - 4. Suppose -13 = -p - c. What are the prime factors of p?
11
Let b = 3 - 5. Let u(a) = -8*a - 3. List the prime factors of u(b).
13
Let b(d) = d**2 + 8*d + 4. Let w be b(-6). List the prime factors of -66*(-2)/w*-2.
3, 11
Let d(t) = 4*t**2 - t - 2. Let l be 2/7 + (-8)/28. Suppose 3*n + 4*x - 22 = l, -11 = -n - 5*x + 11. List the prime factors of d(n).
2, 3
Let p be (-19)/(-2) + 36/(-24). What are the prime factors of (-1)/(-2)*(p - -4)?
2, 3
Let p(n) = -n**3 + 5*n**2 + 8*n + 2. Let q(k) = k**3 - k + 3. Let b be q(0). Suppose -12 = -5*c + b*c. List the prime factors of p(c).
2, 7
Suppose 2*p - 3*n + 2*n = 557, 1120 = 4*p + 4*n. What are the prime factors of p?
3, 31
Let s = -4 - -15. Let r be s + 1/2*-6. Let t = 3 + r. List the prime factors of t.
11
Let z = 131 - 86. List the prime factors of z.
3, 5
Let d = 9 + -15. Let j = 21 + d. What are the prime factors of j?
3, 5
Let o = 17 - 12. List the prime factors of o.
5
What are the prime factors of 10/6 + (-1)/(-3)?
2
Suppose -3*x - 4*i + 16 = 0, x + 5*i = 4*x - 7. Suppose -3*c + s = 2*s - 7, 0 = 3*c + 3*s - 3. Suppose x*q = c + 29. List the prime factors of q.
2
Let f = 23 + 4. Suppose 12*s - 20 = 7*s. Suppose -f = y - s*y. List the prime factors of y.
3
Let c(j) = 7*j**2 - 7*j - 1. Let k(m) = -m**2 + m. Let g(q) = c(q) + 6*k(q). List the prime factors of g(3).
5
Suppose 7*p + 30 = 8*p. What are the prime factors of p?
2, 3, 5
Let l = -11 - -14. Suppose -3*z + 6 = l*p, -2*p - 3*z = -6 + 4. List the prime factors of p.
2
Let f = -1 + 8. Suppose 4*g = -f + 3. Let v = 9 + g. What are the prime factors of v?
2
Let a = -4 + 4. Let y(d) = d**3 + d - 2. Let x be y(a). What are the prime factors of 6/(5 + x)*6?
2, 3
Let r = 45 + 28. What are the prime factors of r/4 + (-7)/28?
2, 3
Let i = 156 + -64. List the prime factors of i.
2, 23
Suppose 3*j + 0 - 12 = 0, -2*j - 48 = -u. What are the prime factors of u?
2, 7
Suppose -5*i + 49 = -o, 0 = 4*i - o + 2*o - 32. List the prime factors of i.
3
Let l(x) = x**3 - 7*x**2 + x - 3. Let s be l(7). List the prime factors of (s/(-5))/((-6)/45).
2, 3
Let g(t) = 4*t - 1. Let u be g(-1). Let a = 17 + u. List the prime factors of a.
2, 3
Let m(p) = p**2 - 9*p - 3. List the prime factors of m(10).
7
Let f = 2 + 4. Suppose -4*x + 9 = 2*y - 9, -y - 5*x + f = 0. List the prime factors of y.
11
Let d(u) = 2*u**2 + 5*u - 19. List the prime factors of d(6).
83
Let d(m) = m**2 + 14*m + 15. What are the prime factors of d(-16)?
47
Let k = 12 - 10. Suppose 2 = -j + 3*j - k*v, 3*j - 8 = -2*v. List the prime factors of (-15 + j - 0)/(-1).
13
Suppose -5*k + 5*y = -105, 5*y + 0 + 85 = 4*k. Let g = k - 16. What are the prime factors of g?
2
Suppose -f = -l - 6, -5*l - 27 = -4*f - 0*f. Let o = l - -5. Suppose -o*h = -2*a + 12, -h - 26 = -5*a - 4. List the prime factors of a.
2
Suppose -4*j + 2*b = -2*j - 18, 3*b + 14 = 2*j. Let z(v) = v**2 - 14*v + 16. List the prime factors of z(j).
3
Let j(m) = m**2 + 1. Let z be j(-2). Suppose -z*k = -k - 8. Suppose 2*l + 19 = k*i + 5*l, -4*i + 88 = -4*l. List the prime factors of i.
17
Let i be -1 + 2*(-6)/(-4). Suppose -16 - 6 = -i*d. What are the prime factors of d?
11
Let n be 6/6*(-73)/(-1). Let t = n + -46. What are the prime factors of t?
3
Suppose -2*x = 3*g - 748, -3*x = -3*g - g + 969. List the prime factors of g.
2, 3, 41
Suppose 5*d - 2*x = -13, 5*d - x = -17 + 3. Let m = d - -8. What are the prime factors of m?
5
Suppose f + 0*f = 2. What are the prime factors of -1 - f*5*-2?
19
Suppose -6 = -q - 2*k, 4*q + 4*k = 5*k - 3. Suppose q*x = -3*x. Suppose 4*u - l - 14 = x, 5*u = u + 5*l + 22. List the prime factors of u.
3
Let y(u) = 0*u - 4*u + 4 + 5 + 3*u. Let o be y(9). Suppose q = 5*q + j - 60, o = 3*q + 5*j - 45. List the prime factors of q.
3, 5
Let h = 5 + -3. Suppose 9*o = 4*o - h*i - 71, 5*o = -3*i - 69. List the prime factors of (6/9)/((-1)/o).
2, 5
Suppose -35 = -n + 2*k, 3*n + 4*k = 102 + 43. What are the prime factors of n?
43
Suppose -o = o + a - 15, 0 = -4*o + 5*a - 5. Suppose 3*q - o*q = -32. What are the prime factors of q?
2
Let q(a) = -2*a**2 + 24*a + 9. What are the prime factors of q(10)?
7
Let n(r) = r**2 - r + 14. Let c be -2 - (-3)/((-9)/(-6)). What are the prime factors of n(c)?
2, 7
Let y = -24 - -60. List the prime factors of y.
2, 3
Suppose -28 = -3*s - 2*u, 2*s = 2*u - 1 + 3. Let k(m) = 3*m - 7. List the prime factors of k(s).
11
Let y(g) = 3*g - 9. Let n(v) = 1. Let w(q) = 5*n(q) + y(q). Let u be w(3). Suppose -3*c = 2*c + 5*m - 50, 0 = -u*c - 2*m + 35. List the prime factors of c.
5
Let z(c) be the second derivative of c**4/12 - c**3/6 + 5*c**2/2 - 5*c. List the prime factors of z(-6).
47
Suppose -102 = -3*d + 3*t, -5*d + 0*t + 194 = t. What are the prime factors of d?
2, 19
Let v(c) be the second derivative of -c**5/20 + 3*c**4/4 + 3*c**3/2 + 7*c**2 + 2*c. What are the prime factors of v(10)?
2
Let h = -21 + 36. Suppose 5*f - 75 = -h. Suppose -5*d - c + f = -3*d, -3*d - c + 20 = 0. What are the prime factors of d?
2
Let h(p) = p**3 - 12*p**2 + 2*p - 14. Let y be h(12). Let l = y + 0. Suppose -6*q = -q - l. List the prime factors of q.
2
Let v(n) = -n + 8*n**2 - n - 2 + 3. What are the prime factors of v(1)?
7
Let l(v) = -v**3 + 4*v**2 - 3*v + 4. Let h be l(3). Suppose h*x - 132 = -0*x. Suppose -2*u - 5*z = -x, 7*u - 2*u + 3*z - 54 = 0. List the prime factors of u.
3
Suppose 0*r = r - 26. Suppose -m + 0 = -2, -2*f + r = 5*m. List the prime factors of f.
2
Let m be (-1 + -1)*(-125)/10. Suppose -2*y = -3*q + m, 5*y = -4*q + 19 - 1. List the prime factors of q.
7
Let t(u) = u + 3*u**3 - 1 - 5*u + 3 + 1 + 2*u**2. List the prime factors of t(2).
3
Let o = 448 - 223. What are the prime factors of o?
3, 5
Let u(o) = -o**3 - 11*o**2 - 11*o - 7. Let c be u(-10). Suppose 0 = 3*v - 6, c*d - 3*v + v = 47. What are the prime factors of d?
17
Let y(z) = 6*z - 5. Let i be y(6). Let n be (4/(-3))/((-2)/(-18)). List the prime factors of i/4 - 3/n.
2
What are the prime factors of (-9584)/(-64) - 2/(-8)?
2, 3, 5
Suppose 3*h + 0*h - 9 = 0. Suppose -h*a + 10 = 2*a - 5*p, 4*p = 5*a - 10. What are the prime factors of (a - 57/12)*-4?
11
What are the prime factors of 1/(-5*5/(-3425))?
137
Suppose -14 = -3*c - 4*f, -2*c = -0*f + 2*f - 8. Suppose -c*v + 50 = 3*v. Suppose 0 = -4*o + 2*j + 28, -v = -3*o - 7*j + 3*j. List the prime factors of o.
2, 3
Let f = -25 + 41. Let l = 23 - f. List the prime factors of l.
7
Let s(o) = 1 - 1 + 1 - 6*o + 3*o. List the prime factors of s(-7).
2, 11
Let l be -1*(-4)/8*-36. Let i = l + 35. What are the prime factors of i?
17
Let r(x) = -2*x + 14. Suppose 0*m + m + 2 = 2*s, 0 = -m + 5*s + 4. List the prime factors of r(m).
2, 13
Let p(g) = -g**3 + 7*g**2 + 4*g - 2. What are the prime factors of p(7)?
2, 13
Let n be ((-1 + -1)*-4)/1. Suppose n = 5*v - v. What are the prime factors of (3 - v) + (7 - -1)?
3
Let y = 11 - 18. Let v be (1 - -1 - 1) + 2. Let t = v - y. What are the prime factors of t?
2, 5
Let h be (-4)/(-22) + (-404)/44. Let j(t) = t**2 + 9*t + 10. What are the prime factors of j(h)?
2, 5
Suppose -6*w + w + 20 = 0. Suppose -l - w*x + 31 = 0, 4*l - 3*x = -l + 40. Let r = l + -4. What are the prime factors of r?
7
Suppose -4*u = -3*u + 2. Let a = -3 + u. What are the prime factors of a/2*144/(-45)?
2
Suppose 0 = -151*t + 148*t + 1023. List the prime factors of t.
11, 31
Let f(l) = 2*l**3 - 3*l**2 - 3*l + 2. Suppose 2*o - 5*m - 41 = 0, -3*o + 4*m + 49 = -m. Let q = o + -5. What are the prime factors of f(q)?
2, 5
Let s(v) = -v**3 + 20*v**2 + 4*v + 4. What are the prime factors of s(20)?
2, 3, 7
Let a be (21/6)/((-1)/(-2)). Let v = a - -1. What are the prime factors of v?
2
Let p(i) = -i**2 + 7*i - 1. Let a be p(6). Suppose -a*z - 2*k = -0*z - 4, -5*z - 5*k -